{"id":645,"date":"2025-01-08T14:13:40","date_gmt":"2025-01-08T14:13:40","guid":{"rendered":"https:\/\/www.lechenicher-narrenzunft.de\/?page_id=645"},"modified":"2025-03-31T13:23:39","modified_gmt":"2025-03-31T13:23:39","slug":"informationen-ueber-die-lnz","status":"publish","type":"page","link":"https:\/\/www.lechenicher-narrenzunft.de\/index.php\/informationen-ueber-die-lnz\/","title":{"rendered":"Informationen \u00fcber die LNZ"},"content":{"rendered":"\t\t<div data-elementor-type=\"wp-page\" data-elementor-id=\"645\" class=\"elementor elementor-645\" data-elementor-post-type=\"page\">\n\t\t\t\t<div class=\"elementor-element elementor-element-035849c e-con-full e-flex e-con e-parent\" data-id=\"035849c\" data-element_type=\"container\">\n\t\t\t\t<div class=\"elementor-element elementor-element-5a84cfa elementor-widget elementor-widget-text-editor\" data-id=\"5a84cfa\" data-element_type=\"widget\" data-widget_type=\"text-editor.default\">\n\t\t\t\t<div class=\"elementor-widget-container\">\n\t\t\t\t\t\t\t\t\t<p><a href=\"https:\/\/www.lechenicher-narrenzunft.de\/wp-content\/uploads\/2025\/02\/LNZWH.pdf\">Wichtige Hinweis zum Einlass bei unseren Veranstaltungen<\/a><\/p><p><a href=\"https:\/\/www.lechenicher-narrenzunft.de\/wp-content\/uploads\/2025\/02\/LNZ-Aufnahmeantrag.pdf\">LNZ Aufnahmeantrag<\/a><\/p><p><a href=\"https:\/\/www.lechenicher-narrenzunft.de\/wp-content\/uploads\/2025\/02\/Praesidenten-der-LNZ.pdf\">Pr\u00e4sidenten der LNZ<\/a><\/p><p><a href=\"https:\/\/www.lechenicher-narrenzunft.de\/wp-content\/uploads\/2025\/03\/LNZ-Ehrenmitglieder-2025.pdf\">LNZ Ehrenmitglieder 2025<\/a><\/p><p><a href=\"https:\/\/www.lechenicher-narrenzunft.de\/wp-content\/uploads\/2025\/02\/Tollitaeten-der-LNZ.pdf\">Tollit\u00e4ten der LNZ<\/a><\/p><p><a href=\"https:\/\/www.lechenicher-narrenzunft.de\/wp-content\/uploads\/2025\/02\/Kindertollitaeten-der-LNZ.pdf\">Kindertollit\u00e4ten der LNZ<\/a><\/p><p><a href=\"https:\/\/www.lechenicher-narrenzunft.de\/wp-content\/uploads\/2025\/02\/Windbueuegelordenstraeger-des-Senats-der-LNZ.pdf\">Windb\u00fcggelordenstr\u00e4ger des Senats der LNZ<\/a><\/p><p><strong>Satzung<\/strong><\/p><p><a href=\"https:\/\/www.lechenicher-narrenzunft.de\/wp-content\/uploads\/2025\/02\/LNZ-Satzung.pdf\">LNZ Satzung<\/a><\/p><p><strong>DSGVO<\/strong><\/p><p>Foto- und Filmaufnahmen<\/p><p>Mit dem Eintritt zu der jeweiligen Veranstaltung wird der Lechenicher Narrenzunft die Erlaubnis erteilt, Foto- und Filmaufnahmen zu fertigen und diese Aufnahmen im Zusammenhang mit der Veranstaltung f\u00fcr die \u00d6ffentlichkeitsarbeit und die Dokumentation, analog oder digital, zu verwenden.<\/p><p><img decoding=\"async\" src=\"https:\/\/www.lechenicher-narrenzunft.de\/data\/uploads\/downloads\/d1.gif\" alt=\"\" \/><\/p><p><strong>Foto- und Filmaufnahmen<\/strong><\/p><p>Mit dem Eintritt zu der jeweiligen Veranstaltung wird der Lechenicher Narrenzunft die Erlaubnis erteilt, Foto- und Filmaufnahmen zu fertigen und diese Aufnahmen im Zusammenhang mit der Veranstaltung f\u00fcr die \u00d6ffentlichkeitsarbeit und die Dokumentation, analog oder digital, zu verwenden.<\/p>\t\t\t\t\t\t\t\t<\/div>\n\t\t\t\t<\/div>\n\t\t\t\t<\/div>\n\t\t\t\t<\/div>\n\t\t","protected":false},"excerpt":{"rendered":"<p>Wichtige Hinweis zum Einlass bei unseren Veranstaltungen LNZ Aufnahmeantrag Pr\u00e4sidenten der LNZ LNZ Ehrenmitglieder 2025 Tollit\u00e4ten der LNZ Kindertollit\u00e4ten der LNZ Windb\u00fcggelordenstr\u00e4ger des Senats der LNZ Satzung LNZ Satzung DSGVO Foto- und Filmaufnahmen Mit dem Eintritt zu der jeweiligen Veranstaltung wird der Lechenicher Narrenzunft die Erlaubnis erteilt, Foto- und Filmaufnahmen zu fertigen und diese Aufnahmen [&hellip;]<\/p>\n","protected":false},"author":1,"featured_media":0,"parent":0,"menu_order":0,"comment_status":"closed","ping_status":"closed","template":"","meta":{"footnotes":""},"class_list":["post-645","page","type-page","status-publish","hentry"],"_links":{"self":[{"href":"https:\/\/www.lechenicher-narrenzunft.de\/index.php\/wp-json\/wp\/v2\/pages\/645","targetHints":{"allow":["GET"]}}],"collection":[{"href":"https:\/\/www.lechenicher-narrenzunft.de\/index.php\/wp-json\/wp\/v2\/pages"}],"about":[{"href":"https:\/\/www.lechenicher-narrenzunft.de\/index.php\/wp-json\/wp\/v2\/types\/page"}],"author":[{"embeddable":true,"href":"https:\/\/www.lechenicher-narrenzunft.de\/index.php\/wp-json\/wp\/v2\/users\/1"}],"replies":[{"embeddable":true,"href":"https:\/\/www.lechenicher-narrenzunft.de\/index.php\/wp-json\/wp\/v2\/comments?post=645"}],"version-history":[{"count":43,"href":"https:\/\/www.lechenicher-narrenzunft.de\/index.php\/wp-json\/wp\/v2\/pages\/645\/revisions"}],"predecessor-version":[{"id":1429,"href":"https:\/\/www.lechenicher-narrenzunft.de\/index.php\/wp-json\/wp\/v2\/pages\/645\/revisions\/1429"}],"wp:attachment":[{"href":"https:\/\/www.lechenicher-narrenzunft.de\/index.php\/wp-json\/wp\/v2\/media?parent=645"}],"curies":[{"name":"wp","href":"https:\/\/api.w.org\/{rel}","templated":true}]}}

Informationen über die LNZ

<div data-elementor-type="wp-page" data-elementor-id="645" class="elementor elementor-645" data-elementor-post-type="page">
				<div class="elementor-element elementor-element-035849c e-con-full e-flex e-con e-parent" data-id="035849c" data-element_type="container">
				<div class="elementor-element elementor-element-5a84cfa elementor-widget elementor-widget-text-editor" data-id="5a84cfa" data-element_type="widget" data-widget_type="text-editor.default">
				<div class="elementor-widget-container">
									<p><a href="https://www.lechenicher-narrenzunft.de/wp-content/uploads/2025/02/LNZWH.pdf">Wichtige Hinweis zum Einlass bei unseren Veranstaltungen</a></p><p><a href="https://www.lechenicher-narrenzunft.de/wp-content/uploads/2025/02/LNZ-Aufnahmeantrag.pdf">LNZ Aufnahmeantrag</a></p><p><a href="https://www.lechenicher-narrenzunft.de/wp-content/uploads/2025/02/Praesidenten-der-LNZ.pdf">Präsidenten der LNZ</a></p><p><a href="https://www.lechenicher-narrenzunft.de/wp-content/uploads/2025/03/LNZ-Ehrenmitglieder-2025.pdf">LNZ Ehrenmitglieder 2025</a></p><p><a href="https://www.lechenicher-narrenzunft.de/wp-content/uploads/2025/02/Tollitaeten-der-LNZ.pdf">Tollitäten der LNZ</a></p><p><a href="https://www.lechenicher-narrenzunft.de/wp-content/uploads/2025/02/Kindertollitaeten-der-LNZ.pdf">Kindertollitäten der LNZ</a></p><p><a href="https://www.lechenicher-narrenzunft.de/wp-content/uploads/2025/02/Windbueuegelordenstraeger-des-Senats-der-LNZ.pdf">Windbüggelordensträger des Senats der LNZ</a></p><p><strong>Satzung</strong></p><p><a href="https://www.lechenicher-narrenzunft.de/wp-content/uploads/2025/02/LNZ-Satzung.pdf">LNZ Satzung</a></p><p><strong>DSGVO</strong></p><p>Foto- und Filmaufnahmen</p><p>Mit dem Eintritt zu der jeweiligen Veranstaltung wird der Lechenicher Narrenzunft die Erlaubnis erteilt, Foto- und Filmaufnahmen zu fertigen und diese Aufnahmen im Zusammenhang mit der Veranstaltung für die Öffentlichkeitsarbeit und die Dokumentation, analog oder digital, zu verwenden.</p><p><img decoding="async" src="https://www.lechenicher-narrenzunft.de/data/uploads/downloads/d1.gif" alt="" /></p><p><strong>Foto- und Filmaufnahmen</strong></p><p>Mit dem Eintritt zu der jeweiligen Veranstaltung wird der Lechenicher Narrenzunft die Erlaubnis erteilt, Foto- und Filmaufnahmen zu fertigen und diese Aufnahmen im Zusammenhang mit der Veranstaltung für die Öffentlichkeitsarbeit und die Dokumentation, analog oder digital, zu verwenden.</p>								</div>
				</div>
				</div>
				</div>

<p>Wichtige Hinweis zum Einlass bei unseren Veranstaltungen LNZ Aufnahmeantrag Präsidenten der LNZ LNZ Ehrenmitglieder 2025 Tollitäten der LNZ Kindertollitäten der LNZ Windbüggelordensträger des Senats der LNZ Satzung LNZ Satzung DSGVO Foto- und Filmaufnahmen Mit dem Eintritt zu der jeweiligen Veranstaltung wird der Lechenicher Narrenzunft die Erlaubnis erteilt, Foto- und Filmaufnahmen zu fertigen und diese Aufnahmen [&hellip;]</p>
