{"id":674,"date":"2025-01-08T14:23:30","date_gmt":"2025-01-08T14:23:30","guid":{"rendered":"https:\/\/www.lechenicher-narrenzunft.de\/?page_id=674"},"modified":"2025-01-24T07:59:27","modified_gmt":"2025-01-24T07:59:27","slug":"praeses-der-lnz","status":"publish","type":"page","link":"https:\/\/www.lechenicher-narrenzunft.de\/index.php\/praeses-der-lnz\/","title":{"rendered":"Pr\u00e4ses der LNZ"},"content":{"rendered":"\t\t<div data-elementor-type=\"wp-page\" data-elementor-id=\"674\" class=\"elementor elementor-674\" data-elementor-post-type=\"page\">\n\t\t\t\t<div class=\"elementor-element elementor-element-22eeed8 e-flex e-con-boxed e-con e-parent\" data-id=\"22eeed8\" data-element_type=\"container\">\n\t\t\t\t\t<div class=\"e-con-inner\">\n\t\t\t\t<div class=\"elementor-element elementor-element-120a77a elementor-widget elementor-widget-text-editor\" data-id=\"120a77a\" data-element_type=\"widget\" data-widget_type=\"text-editor.default\">\n\t\t\t\t<div class=\"elementor-widget-container\">\n\t\t\t\t\t\t\t\t\t<p><strong>Pastor Hans-Peter Kippels<\/strong><\/p><p>Hans-Peter Kippels wurde am 22.10.1961 in K\u00f6ln-Lindenthal geboren, besuchte die H\u00f6here Handelsschule und machte anschlie\u00dfend eine Ausbildung zum Versicherungskaufmann. Am \u201eFriedrich-Spree-Kolleg\u201c in Neuss machte er sein Abitur mit Latein und Griechisch. Es folgte ein Theologiestudium in Bonn und Trier. Am 18. Juni 1993 erfolgte die Pristerweihe im hohen Dom zu K\u00f6ln, anschlie\u00dfend folgte die Primiz in H\u00fcrth-Efferen. Von 2000 bis 2012 war er leitender Pfarrer in K\u00f6ln-Br\u00fcck und K\u00f6ln-Merheim. Seit 1. September 2012 ist er leitender Pfarrer im Seelsorgebereich \u201eRotbach-Erftaue\u201c u.a. mit der Pfarrgemeinde St. Kilian Lechenich. Am 17. Juni 2018 feierte er sein Silbernes Pristerjubil\u00e4um. Hans-Peter Kippels ist gl\u00fchender Fan des 1. FC K\u00f6ln (Dauerkarteninhaber). Er zelebriert j\u00e4hrlich, am Karnevalssonntag (vor dem Zug), die \u201eK\u00f6lsche Messe\u201c der Lechenicher Narrenzunft. Er ist zudem Regimentspfarrer der Stadtgarde dem Traditionscorps der LNZ und der Funkengarde dem Jugendtraditionscorps der LNZ. LNZ Pr\u00e4sident Michael Schmalen ernannte ihn auf der gro\u00dfen LNZ Sitzung am 17.11.2018 zum Pr\u00e4ses der LNZ.<\/p><p><img decoding=\"async\" src=\"https:\/\/www.lechenicher-narrenzunft.de\/data\/uploads\/2018\/2018-9\/img_7300.jpg\" alt=\"\" \/><img fetchpriority=\"high\" decoding=\"async\" class=\"alignnone wp-image-1174 size-full\" src=\"https:\/\/www.lechenicher-narrenzunft.de\/wp-content\/uploads\/2025\/01\/Schmalen-Kippels.jpg\" alt=\"\" width=\"685\" height=\"451\" srcset=\"https:\/\/www.lechenicher-narrenzunft.de\/wp-content\/uploads\/2025\/01\/Schmalen-Kippels.jpg 685w, https:\/\/www.lechenicher-narrenzunft.de\/wp-content\/uploads\/2025\/01\/Schmalen-Kippels-300x198.jpg 300w\" sizes=\"(max-width: 685px) 100vw, 685px\" \/><\/p><p>Foto: Michael Schmalen, Hans-Peter Kippels<\/p>\t\t\t\t\t\t\t\t<\/div>\n\t\t\t\t<\/div>\n\t\t\t\t\t<\/div>\n\t\t\t\t<\/div>\n\t\t\t\t<\/div>\n\t\t","protected":false},"excerpt":{"rendered":"<p>Pastor Hans-Peter Kippels Hans-Peter Kippels wurde am 22.10.1961 in K\u00f6ln-Lindenthal geboren, besuchte die H\u00f6here Handelsschule und machte anschlie\u00dfend eine Ausbildung zum Versicherungskaufmann. Am \u201eFriedrich-Spree-Kolleg\u201c in Neuss machte er sein Abitur mit Latein und Griechisch. Es folgte ein Theologiestudium in Bonn und Trier. Am 18. Juni 1993 erfolgte die Pristerweihe im hohen Dom zu K\u00f6ln, anschlie\u00dfend [&hellip;]<\/p>\n","protected":false},"author":1,"featured_media":0,"parent":0,"menu_order":0,"comment_status":"closed","ping_status":"closed","template":"","meta":{"footnotes":""},"class_list":["post-674","page","type-page","status-publish","hentry"],"_links":{"self":[{"href":"https:\/\/www.lechenicher-narrenzunft.de\/index.php\/wp-json\/wp\/v2\/pages\/674","targetHints":{"allow":["GET"]}}],"collection":[{"href":"https:\/\/www.lechenicher-narrenzunft.de\/index.php\/wp-json\/wp\/v2\/pages"}],"about":[{"href":"https:\/\/www.lechenicher-narrenzunft.de\/index.php\/wp-json\/wp\/v2\/types\/page"}],"author":[{"embeddable":true,"href":"https:\/\/www.lechenicher-narrenzunft.de\/index.php\/wp-json\/wp\/v2\/users\/1"}],"replies":[{"embeddable":true,"href":"https:\/\/www.lechenicher-narrenzunft.de\/index.php\/wp-json\/wp\/v2\/comments?post=674"}],"version-history":[{"count":13,"href":"https:\/\/www.lechenicher-narrenzunft.de\/index.php\/wp-json\/wp\/v2\/pages\/674\/revisions"}],"predecessor-version":[{"id":1180,"href":"https:\/\/www.lechenicher-narrenzunft.de\/index.php\/wp-json\/wp\/v2\/pages\/674\/revisions\/1180"}],"wp:attachment":[{"href":"https:\/\/www.lechenicher-narrenzunft.de\/index.php\/wp-json\/wp\/v2\/media?parent=674"}],"curies":[{"name":"wp","href":"https:\/\/api.w.org\/{rel}","templated":true}]}}